{"id":5,"date":"2013-02-06T08:15:30","date_gmt":"2013-02-06T08:15:30","guid":{"rendered":"http:\/\/ktb.ro\/?page_id=5"},"modified":"2022-01-24T14:48:01","modified_gmt":"2022-01-24T12:48:01","slug":"despre-noi","status":"publish","type":"page","link":"https:\/\/ktb.ro\/","title":{"rendered":"Despre noi"},"content":{"rendered":"<p>KTB InfoNet este o companie specializat\u0103 in servicii de consultan\u0163\u0103 \u015fi audit \u00een domeniul sistemelor informa\u0163ionale. Abord\u0103m acest domeniu prin servicii profesionale specializate, bazate pe cunoa\u015fterea tehnologiilor \u015fi lucru colaborativ. Ne sprijinim clien\u0163ii \u00een cre\u015fterea eficien\u0163ei proceselor sistemelor informa\u0163ionale \u015fi guvernare IT, reducerea riscurilor specifice acestora \u015fi \u00eendeplinirea cerin\u0163elor legale.<\/p>\n<p>Profesionalismul consultan\u0163ilor no\u015ftri este garantat de competen\u0163ele atestate la nivel interna\u0163ional \u015fi confirmat de experien\u0163a practic\u0103 \u015fi academic\u0103. Tot ce am implementat, evaluat \u015fi publicat reflect\u0103 <span style=\"color: #39a9ff;\">VIZIUNEA<\/span> noastr\u0103.<br \/>Prob\u0103m <b><span style=\"color: #39a9ff;\">ONESTITATE<\/span><\/b> \u015fi <b><span style=\"color: #39a9ff;\">INTEGRITATE<\/span><\/b> profesional\u0103: nu vindem produse ci oferim <span style=\"color: #39a9ff;\">SOLUTII<\/span>. Analiz\u0103m \u015fi in\u0163elegem <span style=\"color: #39a9ff;\">OBIECTIVELE <\/span>afacerii dumneavoastr\u0103. Adaug\u0103m <span style=\"color: #39a9ff;\">VALOARE<\/span>: servicii de calitate \u015fi garan\u0163ii.<\/p>\n<p>Onestitatea ne oblig\u0103 s\u0103 spunem c\u0103 o problem\u0103 nu are doar o singur\u0103 <span style=\"color: #39a9ff;\">REZOLVARE<\/span>. Este motivul pentru care, prin etic\u0103 profesional\u0103 asumat\u0103 \u015fi dovedit\u0103 <span style=\"color: #39a9ff;\">MONITORIZAM<\/span> solu\u0163ia oferit\u0103. Abord\u0103m tehnologiile informa\u0163ionale prin prisma obiectivelor afacerii dumneavoastr\u0103: <em>ce este prudent din punct de vedere financiar \u015fi ce are sens din perspectiv\u0103 tehnic\u0103.<\/em><\/p>\n<ul>\n<li><em>Peste 15 ani de experien\u021b\u0103 \u00een industrii diferite: financiar- bancar\u0103, furnizori de servicii, furnizori de utilit\u0103\u021bi;<\/em><\/li>\n<li><em><span style=\"color: initial;\">Consultan\u021b\u0103 \u00een implementare de standarde \u0219i bune practici pentru asigurarea securit\u0103\u021bii cibernetice (ISO 27001, COBIT, ITIL\/ISO2000, PSD2, BCP);<\/span><\/em><\/li>\n<li><em><span style=\"color: initial;\">Consultan\u021b\u0103 privind protec\u021bia datelor personale<\/span><\/em><\/li>\n<li><em><span style=\"color: initial;\">Instruire (audit -CISA, protec\u021bia datelor personale &#8211; CIPM, guvernare IT)<\/span><\/em><\/li>\n<li><em><span style=\"color: initial;\">Audit (internet banking, facturare)<\/span><\/em><\/li>\n<li><em><span style=\"color: initial;\"><span style=\"color: initial;\">Audit de securitate cibernetic\u0103 (\u00eenscris \u00een Registrul na\u021bional al auditorilor de securitate cibernetic\u0103 &#8211;<\/span><\/span>IDASC: QC-11BE1BC)<\/em><\/li>\n<\/ul>\n<p><i><span style=\"color: #0090ff;\">Echipa KTB InfoNet<\/span><\/i><\/p>\n\n\n<p><\/p>\n","protected":false},"excerpt":{"rendered":"<p>KTB InfoNet este o companie specializat\u0103 in servicii de consultan\u0163\u0103 \u015fi audit \u00een domeniul sistemelor informa\u0163ionale. Abord\u0103m acest domeniu prin servicii profesionale specializate, bazate pe cunoa\u015fterea tehnologiilor \u015fi lucru colaborativ. Ne sprijinim clien\u0163ii \u00een cre\u015fterea eficien\u0163ei proceselor sistemelor informa\u0163ionale \u015fi guvernare IT, reducerea riscurilor specifice acestora \u015fi \u00eendeplinirea cerin\u0163elor legale. Profesionalismul consultan\u0163ilor no\u015ftri este garantat [&hellip;]<\/p>\n","protected":false},"author":1,"featured_media":0,"parent":0,"menu_order":0,"comment_status":"closed","ping_status":"closed","template":"","meta":{"footnotes":""},"class_list":["post-5","page","type-page","status-publish","hentry"],"_links":{"self":[{"href":"https:\/\/ktb.ro\/index.php?rest_route=\/wp\/v2\/pages\/5","targetHints":{"allow":["GET"]}}],"collection":[{"href":"https:\/\/ktb.ro\/index.php?rest_route=\/wp\/v2\/pages"}],"about":[{"href":"https:\/\/ktb.ro\/index.php?rest_route=\/wp\/v2\/types\/page"}],"author":[{"embeddable":true,"href":"https:\/\/ktb.ro\/index.php?rest_route=\/wp\/v2\/users\/1"}],"replies":[{"embeddable":true,"href":"https:\/\/ktb.ro\/index.php?rest_route=%2Fwp%2Fv2%2Fcomments&post=5"}],"version-history":[{"count":7,"href":"https:\/\/ktb.ro\/index.php?rest_route=\/wp\/v2\/pages\/5\/revisions"}],"predecessor-version":[{"id":107,"href":"https:\/\/ktb.ro\/index.php?rest_route=\/wp\/v2\/pages\/5\/revisions\/107"}],"wp:attachment":[{"href":"https:\/\/ktb.ro\/index.php?rest_route=%2Fwp%2Fv2%2Fmedia&parent=5"}],"curies":[{"name":"wp","href":"https:\/\/api.w.org\/{rel}","templated":true}]}}